{"id":149,"date":"2026-02-22T22:00:42","date_gmt":"2026-02-22T22:00:42","guid":{"rendered":"https:\/\/wastado.com\/?page_id=149"},"modified":"2026-02-22T22:15:08","modified_gmt":"2026-02-22T22:15:08","slug":"uber-den-unterricht","status":"publish","type":"page","link":"https:\/\/wastado.com\/?page_id=149","title":{"rendered":"\u00dcber den Unterricht"},"content":{"rendered":"\n<h1 class=\"wp-block-heading\">&#x1f3b5; \u00dcber den Unterricht<\/h1>\n\n\n\n<p><strong>Der Unterricht von Valentin Dojtschinov zeichnet sich durch eine pers\u00f6nliche, geduldige und individuell angepasste Lernatmosph\u00e4re aus. Jede Sch\u00fclerin und jeder Sch\u00fcler wird dort abgeholt, wo sie oder er musikalisch steht \u2013 unabh\u00e4ngig von Alter, Vorkenntnissen oder Stilrichtung.<\/strong><\/p>\n\n\n\n<p><strong>Im Mittelpunkt steht die Freude am Musizieren.<\/strong> Ob popul\u00e4re Musik, Klassik oder traditioneller Jazz: Der Unterricht verbindet technische Grundlagen mit musikalischem Ausdruck, Improvisation und kreativem Entdecken.<\/p>\n\n\n\n<p><strong>Valentin legt grossen Wert darauf, dass seine Sch\u00fclerinnen und Sch\u00fcler nicht nur Noten lesen, sondern Musik wirklich verstehen und erleben.<\/strong> Dazu geh\u00f6ren:<\/p>\n\n\n\n<ul class=\"wp-block-list\">\n<li>individuelle F\u00f6rderung<\/li>\n\n\n\n<li>spielerisches Erlernen von Theorie<\/li>\n\n\n\n<li>Improvisation und Geh\u00f6rbildung<\/li>\n\n\n\n<li>gemeinsames Musizieren in Ensembles und Combos<\/li>\n\n\n\n<li>Vorbereitung auf Auftritte und Wettbewerbe<\/li>\n<\/ul>\n\n\n\n<p><strong>Der Unterricht ist praxisnah, lebendig und auf die pers\u00f6nlichen Ziele der Lernenden abgestimmt \u2013 vom Anf\u00e4nger bis zur fortgeschrittenen Musikerin oder zum ambitionierten Sch\u00fcler, der sich auf Wettbewerbe vorbereitet.<\/strong><\/p>\n\n\n\n<h1 class=\"wp-block-heading\">&#x2b50; Rezensionen<\/h1>\n\n\n\n<p><strong>Berner Zeitung:<\/strong> \u201e\u2026 preisgekr\u00f6nte Ensembles \u2026 das Salon\u2011Ensemble von Valentin Dojtschinov mit beschwingter Musik aus Ost und West \u2026\u201c<\/p>\n\n\n\n<p><strong>Bieler Tagblatt:<\/strong> \u201e\u2026 beschwingte Operettenkl\u00e4nge und gehobene Unterhaltungsmusik \u2026 im Konzertsaal in Thun \u2026 aufjohlende Sch\u00fclerinnen und Sch\u00fcler spielten sich in die Herzen der Anwesenden \u2026\u201c<\/p>\n\n\n\n<p><strong>Thuner Tagblatt:<\/strong> \u201e\u2026 Kiwanis\u2011Club\u2011Pr\u00e4sident Ernst Oppliger \u00fcberreichte der Salongruppe den Kiwanis\u2011Kammermusikpreis f\u00fcr \u00fcberdurchschnittliches K\u00f6nnen \u2026\u201c<\/p>\n\n\n\n<p><\/p>\n\n\n\n<p><\/p>\n\n\n\n<h2 class=\"wp-block-heading\"><\/h2>\n\n\n\n<p><\/p>\n\n\n\n<p><\/p>\n\n\n\n<p><\/p>\n\n\n\n<p><\/p>\n","protected":false},"excerpt":{"rendered":"<p>&#x1f3b5; \u00dcber den Unterricht Der Unterricht von Valentin Dojtschinov zeichnet sich durch eine pers\u00f6nliche, geduldige [&hellip;]<\/p>\n","protected":false},"author":1,"featured_media":0,"parent":0,"menu_order":0,"comment_status":"closed","ping_status":"closed","template":"","meta":{"footnotes":""},"class_list":["post-149","page","type-page","status-publish","hentry"],"_links":{"self":[{"href":"https:\/\/wastado.com\/index.php?rest_route=\/wp\/v2\/pages\/149","targetHints":{"allow":["GET"]}}],"collection":[{"href":"https:\/\/wastado.com\/index.php?rest_route=\/wp\/v2\/pages"}],"about":[{"href":"https:\/\/wastado.com\/index.php?rest_route=\/wp\/v2\/types\/page"}],"author":[{"embeddable":true,"href":"https:\/\/wastado.com\/index.php?rest_route=\/wp\/v2\/users\/1"}],"replies":[{"embeddable":true,"href":"https:\/\/wastado.com\/index.php?rest_route=%2Fwp%2Fv2%2Fcomments&post=149"}],"version-history":[{"count":3,"href":"https:\/\/wastado.com\/index.php?rest_route=\/wp\/v2\/pages\/149\/revisions"}],"predecessor-version":[{"id":160,"href":"https:\/\/wastado.com\/index.php?rest_route=\/wp\/v2\/pages\/149\/revisions\/160"}],"wp:attachment":[{"href":"https:\/\/wastado.com\/index.php?rest_route=%2Fwp%2Fv2%2Fmedia&parent=149"}],"curies":[{"name":"wp","href":"https:\/\/api.w.org\/{rel}","templated":true}]}}